
15
4 + -5 + 1 + -8 + -3 - (47 - 99)
41
Evaluate 128 + (-105 - -58) + 29.
110
Evaluate -31 + (29 - (50 + 2)).
-54
What is -5 + -3 + -2 + 6 + -163 + 208?
41
Evaluate 36 + (-15 - (-5 + (10 - 14))) + 2.
32
Calculate -59 - -19 - (3 - 13 - 24).
-6
-84 + (-10 - ((-18 - -25) + (-1 - (32 + -9))))
-77
Calculate 12 - (-53 - -43) - (0 + -19).
41
What is the value of -16 + 0 - (0 + 4 + (3372 - 3334))?
-58
Evaluate (-101 - (55 - 68)) + 46.
-42
-40 - (37 + -142 + 89)
-24
What is the value of (37 - (80 + -85)) + 6?
48
(0 - 19) + 3360 + -3364
-23
What is -4 + 21 + -32 + 7 + -26?
-34
Calculate (-60 - -23) + 54 + (-53 - 2).
-38
Calculate -2 + 38 - (21 + 22 + -6).
-1
Evaluate -11 + (4 - 0) + 13 + -20.
-14
Calculate (60 + -27 - (-6 + (8 - 1) + 12)) + -2.
18
Evaluate -24 + 41 - (6 - -2) - 17 - (0 + 5).
-13
Evaluate (77 - 51) + 9 - (-3 + -20).
58
What is 53 - (71 + -65) - 62?
-15
Calculate 18 + (4 - (-46 + 66)).
2
What is -77 - (-15 - (24 + 2 - 28))?
-64
Evaluate 8 + 15 - (-21 + 9).
35
What is (5 - 1) + 78 + (22 - (-36 - -42))?
98
Evaluate -39 + -41 + -1 + 59 + -53.
-75
Calculate (5 + -2 - (-7 + (-8 - -8 - -5))) + 33.
38
Calculate (-42 + 90 - 27) + -21.
0
Calculate -12 + (-28 - -21) + -49.
-68
1 + -25 + (-43 - -52) + 43 + 23
51
Evaluate (4 - 27) + 23 + 1 + -9 + 65.
57
Calculate 21 + (64 - (26 - (3 + 17) - -14)).
65
What is the value of 92 - ((121 - (17 + 112)) + 1 + -1)?
100
What is the value of 3 + 13 + -14 - 11?
-9
-163 + 159 - (-69 - (8 - (1 + 5)))
67
What is the value of (0 + -5 - (-5 + 7 + 1 + -2)) + 4?
-2
Evaluate 3 - (10 - 13 - -13 - -95) - -10.
-92
(-47 + 72 - 66) + 5
-36
What is the value of 11 - (83 + -26) - -73?
27
-2 + -31 + (26 - 8) - 33
-48
What is the value of 55 + 35 + 16 + -47?
59
Evaluate -111 - -88 - (1 - 4) - 4 - 11.
-35
What is (60 - 57) + 2 - 10?
-5
Calculate 3 - (-13 - (3 - 17 - (37 + -57))).
22
What is the value of (4 - -10) + -1 - 6 - (14 + 4)?
-11
What is the value of (-3 - (15 + 2)) + 905 + -905?
-20
71 - (-5 - (-49 + -4))
23
What is -249 + 36 - -98 - (-5 - (-1 + 1))?
-110
What is the value of 92 + (19 - (-11 + 27 - 4) - 7)?
92
Evaluate (33 - -24) + -69 - (-76 - 1 - 0).
65
-2 - (168 - 148 - (-13 - -3))
-32
Evaluate -1 + (-1 + -36 - -2 - (-21 - -15)) - 1.
-31
Calculate 30 + 17 + -53 + -3.
-9
What is the value of -34 - (-48 - (-66 + 11))?
-41
What is the value of 43 + (25 - (30 - -22) - -12)?
28
Calculate (0 - 47 - -11) + -257 + 293.
0
188 + 90 - 105 - 94
79
Evaluate -18 + 7 - (7 + -5 + -5 - (40 - -13)).
45
Evaluate (8 - 0) + (68 - (-232 - -363)).
-55
1 + 12 - (-7 + (12 - 4) + -27)
39
Evaluate 3 + 1 + 26 - (7 + -10 + 15).
18
Evaluate -131 - -117 - (-82 - -12).
56
-7852 + 7848 - ((-1 - -2) + (2 + 94 - 1))
-100
Evaluate -3 + (0 - 5) + -4 - (85 - 121).
24
Calculate 551 - 580 - (16 - 1).
-44
Evaluate 4 + -59 + -9 - (-11 - 4).
-49
Evaluate -4 + -4 + (-16 - (-6 + 18)).
-36
(1 - 8) + -66 + (154 - 37)
44
Evaluate 48 + -60 + -45 + -15.
-72
What is -14 + (11 + (22 - 44) - 19)?
-44
Evaluate -12 + (5 - (31 - 2 - (21 - 9))).
-24
What is the value of (-3 - (-3 + 0)) + -38 + 1 - (-14212 + 14213)?
-38
-20 - (-29 + (-4 - -7))
6
(-351 - -151) + 186 + (-1 - -114)
99
(110 - (-3 - 0)) + (-26 - ((-43 - 17) + 21))
126
Evaluate -83 + 6 + 18 + 5 + -26.
-80
Evaluate 3 + -21 + (-30 - -22) - 11.
-37
Calculate (42 + 36 - 99) + (-1 - -58).
36
-223 + (-137 - -280) + 50
-30
-7 + -2 - (440 - 410)
-39
What is (10 - ((3 - 9) + -5 - -24)) + 51 + 11?
59
Calculate -8394 - -8295 - (-19 - 1).
-79
What is the value of 4 - ((19 + -21 - (1 + -21)) + -11) - 63?
-66
What is 11 + 21 + 94 + -14 + 8 + 9?
129
Calculate -3 - (-14 - -2) - (7 - (-2 + 7)) - 0.
7
What is -2 + 36 + -5 + -19 + -40?
-30
Evaluate -1023 - -1017 - (-1 - -14) - 38.
-57
-4 - -15 - 1 - (8 + 9)
-7
What is the value of 5 - (-10 - -6 - (-9 + 10)) - 33?
-23
Calculate -5 - (-12 - (-4 + -5 + (4 - 57))).
-55
What is 43 - -14 - (-10 - -28)?
39
Calculate -38 + (1 - 0 - (-2 + -11) - (2242 - 2237)).
-29
Calculate (-2 - (-1 - 6 - 1)) + (96 - 63 - -18).
57
What is the value of 19 - (-4 + 27) - (-21 - -1) - (9 - 3)?
10
What is -38 + (-10 - -30 - 22) + (2 - -1)?
-37
89 - (19 + -6 + -9 - (17 + -24))
78
Calculate 14 + -10 + 9 + -48 + 7.
-28
Calculate -3 + (2 - 36) - ((21 - 58) + 34).
-34
What is -12 - (-13 + -14 + (-4 - 0))?
19
-16 + -3 + 1144 + -1105
20
Evaluate 10 + -12 + (-11 - -7) + (20 - (6 + 2)).
6
-8 + 83 + (-103 - -48)
20
What is -9 + (1 + -5 - ((-6 - -17) + -9))?
-15
What is the value of 398 - 458 - (-3 + -76)?
19
What is the value of -56 + (116 - 39) + -69?
-48
What is the value of -6 + 11 + -70 + 46?
-19
Evaluate 124 - (-1 + 4 + (67 - 37)).
91
-77 + (84 - 11) + 39
35
Calculate -73 - 10 - (-74 - (-77 + -8)).
-94
Calculate -15 + -24 + 66 - 41.
-14
Evaluate (-4 - -1) + 8 - 0 - (-5403 + 5360).
48
(-10 + -1 - (95 + -108 + 0 + -10)) + -85
-73
What is 1 - 2 - (-48 - -12) - -10 - -1?
46
What is 43 + -19 + (1 - (-4 - -2) - -13)?
40
What is 2 + 2 + -16 + 49 - (18 + -6)?
25
Calculate 9 + (8 - (11 + -13) - (-12 + -9)).
40
-15 - ((23 - 22 - 3) + 10 - 15)
-8
Calculate -3 + 70 + 2 + (-12 - -15 - -10).
82
Calculate (29 - -19) + (-1 + 2 - (-83 - -85)).
47
Evaluate 15 + (-66 - -60) + 19.
28
What is 7 + -1 + -39 + 5 + (-3 - -11)?
-20
Evaluate -22 + -70 + -3 + 0 + 6 - 7.
-96
Evaluate -7 + 2 + -9 + (-25 - -15) + (5 - 0).
-19
Calculate 9 + (-5 + (11 - 7) - 4) - (131 + -140).
13
Calculate (-3 + 4 - (18 + -13)) + 13 + 49.
58
What is -110 - (14 - ((-6 - -9) + 1) - -8)?
-128
What is the value of (279 + -378 - (-21 + -3 + 6)) + 12?
-69
18 + 2 - ((135 - 231) + 43)
73
What is -13 + (12 + 0 + 12 + -32 - -13)?
-8
-7 + -3 - ((-6 - (31 + 11)) + (-1 - 1))
40
What is -32 + (87 - 7) + -19?
29
5 + 5 + (7 + -19 - -13)
11
Calculate -11 + (66 - 31) + -99 + 20.
-55
Calculate 40 + 0 - (97 - (47 + 35)).
25
Calculate 10 - 3 - 26 - (-43 + 26) - (-7 - 3).
8
Calculate -48 - ((-1 - 2) + (-105 - -105) - (-11 + 0)).
-56
Evaluate -62 + (55 + 1 - -123).
117
What is the value of 9 - (31 + -14 + 19 - 16)?
-11
What is the value of -23 + 32 + (86 - 101)?
-6
What is 38 - -1 - (-26 + 167 + 11)?
-113
Calculate (-2 - 42 - -8 - -26) + 14 + 0.
4
Calculate 35 + 14 + -3 + -24 - 60.
-38
What is -6 + (-48 - -56) - (-1 + -33 + -1)?
37
What is the value of 0 - -14 - (-3 - (-2 - 9) - -50)?
-44
What is the value of (-3 - 6) + 10 + (-18 - (11 + -85))?
57
83 + -85 + -56 + 66
8
What is (-9 - 4) + 17 + -4 + 12 + 21?
33
What is 3 + 3 + -84 + (-6 - -19)?
-65
What is -5 - (49 + -48) - -26?
20
What is (-7 - -8 - 2 - (6 + -5 + -11)) + 104?
113
What is ((-16 - -43 - -10) + -14 - (1 - 13)) + 9?
44
What is -16 - (35 + -131 - -98)?
-18
Calculate (34 + -6 - 19) + (-13 - -10 - 12).
-6
(14 - ((-21 - -10) + -5)) + (-12 - -13)
31
(2 + 7 + 5 - 8) + (3 - -5 - -10)
24
What is -71 + (24 - 54) + 19 + (-18 - -3 - -2)?
-95
Calculate -5 + 3 + (21 - 21) + -6.
-8
-64 - (-13 + 43 + -3 - 16)
-75
-6 + 1 + 48 + -68 + 14 + 59
48
Calculate 8 - (14 + -6) - (2 + (12 - 7) - 46).
39
Calculate (62 - 112) + 38 - 33.
-45
63 + 78 - 87 - (-3 + 21)
36
Calculate -101 + 82 - (45 + -60).
-4
Calculate (-4 - -15) + -16 + 1 + (-110 - (-2 + 2)).
-114
What is the value of (-7 - (-67 + 156)) + (1 - -17 - 4)?
-82
(7 - 2) + -1 + (47 - 51) - (-55 - 15)
70
-12 - ((2276 - 2274) + (-16 - 0 - 0))
2
-17 - (-20 + 4 + -6) - 12
-7
Evaluate 35 - (69 - (13 - (14 + 11))).
-46
Calculate -14 + 35 - ((-31 - -17) + 23).
12
What is the value of (1 - -4) + 1 + 6 + 7 + -18 + -8?
-7
Calculate (-107 - (-128 + 34)) + -51.
-64
Calculate (2 - 2) + (14 - (-1 + -23 + -20)).
58
Evaluate (-35 - -15) + 11 + -16.
-25
(21047 - 21075) + 47 + -1 + -1
17
What is the value of 26 - 1 - (-23187 - -23082)?
130
What is the value of 31 + 13 + (1 - 2) + (7 + 10 - 10)?
50
Evaluate -83 + 1 + (-52 - (-20 + (-24 - -9))).
-99
Calculate -46 + 41 + -89 + 26 - (-9 - -3 - 2).
-60
Evaluate 345 + -334 + (4 - (14 + 1)) + (-6 - -5).
-1
Evaluate (15 + -6 - 20 - (13 + 9)) + (-8 - -16).
-25
What is -32 - (10 - (-21 - -49)) - 77?
-91
Evaluate -2 - (-9 - ((2 + 7 - 16) + -47)).
-47
-13 + 36 + (-220 - -174)
-23
Calculate 51 + 11 + (36 + -22 - 47).
29
What is the value of 79 - 97 - (-72 + (3 - -3) + -5)?
53
What is (1 - (1 + -2)) + -1640 + 1704?
66
What is (-4628 - -4403) + (106 - 2)?
-121
0 + (-2 - 72) - (-84 - -114)
-104
Calculate -8 - (-2 - -1) - (-28 - (55 - 115)).
-39
What is 10 - (6 - (18 + -2 + -